*2 - 5*l + 4. What is the tens digit of h(d)?
1
Suppose -4*i - i = 4*n + 40, 2*i + 44 = 4*n. What is the units digit of 6/i + (-195)/(-6)?
2
Let p = 20 - -34. What is the tens digit of p?
5
Let l be (-2)/(-3) - 215/(-15). Suppose 0 = -0*f - 3*f - n + 11, -3*n + l = 0. Suppose -b + f*b - 9 = 0. What is the units digit of b?
9
Suppose -15 = -h + 134. What is the units digit of h?
9
Suppose -5*k = -3*k - 12. Let c(v) = -2*v + 7. Let p be c(k). What is the units digit of 96/15 + (-3)/p?
7
Let y(h) = 5*h. Let s be y(-6). Let f = 57 + s. What is the tens digit of f?
2
Suppose m = -3*m + 12. Let i = -2 - -4. Suppose i*x = -m*x + 35. What is the units digit of x?
7
Suppose 0 = 2*u + 2*u + 4, -u - 154 = -s. What is the tens digit of s?
5
Suppose -57 = -f + 5*a, -3*f + 250 = f + 2*a. What is the tens digit of f?
6
Let p = 118 - 35. What is the tens digit of p?
8
Let i(c) = c**2 + 3*c. Let r be i(-5). Let p be (8/r)/(2/10). Suppose -5*z + 13 = -2*n - 23, -n + 21 = p*z. What is the units digit of z?
6
Suppose -3*o + 5*o = -g - 65, 3*o - 3*g + 120 = 0. What is the units digit of (-8)/(-14)*o/(-10)?
2
Let p(d) = d**3 + d**2 - d - 1. Let t be p(-1). Let b = 4 - t. Let l = b + -2. What is the units digit of l?
2
Let m(v) = v + 12. Let s be m(-8). Suppose -3*l + 0*z = 2*z - 9, 9 = -3*l + s*z. What is the units digit of 4/(-4) - (l + -12)?
0
Let k(p) = -7*p**3 - 11*p**2 + 8*p + 1. Let u(y) = -8*y**3 - 12*y**2 + 9*y. Let w(o) = -7*k(o) + 6*u(o). What is the units digit of w(-5)?
3
Suppose -135 = -4*s - 27. Suppose n + s = 3*n - 3*a, 4*n - a = 49. What is the units digit of n/(-21)*14/(-4)?
2
Suppose -n + 2*n - 7 = 0. Let u = -5 + n. Suppose 3*l + 7 = -u*y + 45, 20 = 4*l - 5*y. What is the tens digit of l?
1
Suppose 4*q + 520 = -4*v - 16, 5*q = -4*v - 673. Let y be q/(-9) + 4/(-18). Let j = y + -7. What is the units digit of j?
8
Let c = 74 - 26. Suppose u = -3*u + 2*s + 108, -2*u + 4*s = -c. What is the units digit of 216/u + 2/7?
8
What is the tens digit of -9*(-4 - 4/2)?
5
Suppose -2*d + 273 = 5*y, -3*y = -7*y + d + 208. What is the units digit of y?
3
Let j(x) = x**3 - 4*x**2 - 3*x + 6. Let q be 3 + (0 + 1)*2. Let u be j(q). Let a = -5 + u. What is the units digit of a?
1
Suppose -4*q + 2*h + 154 = 0, 6*h = 3*h - 9. What is the tens digit of q?
3
Let h = 16 - 35. Let z = h - -35. What is the tens digit of z?
1
Let j(f) = -f**3 - f**2 + 4*f + 3. Let d be j(-2). Let s = -48 - -33. Let u = d - s. What is the tens digit of u?
1
Let u = -34 + 71. What is the tens digit of u?
3
Suppose 15 = -n - 3*a, 4*a - a + 12 = 0. Let x(j) = -2*j - 4. Let h be x(n). What is the tens digit of 1/h*6 - -16?
1
Let a = -66 + 93. Let o = a - 4. What is the units digit of o?
3
Suppose 3*i + 2*g - 4*g + 48 = 0, 2*i - 3*g + 37 = 0. Suppose -3*x - 139 - 122 = 0. What is the units digit of i/35 - x/5?
7
Let y(v) = -115*v**3 + 2*v**2 + v. Let w be y(-1). Suppose -2*a = 2*a - w. What is the tens digit of a?
2
Suppose -6*r = -376 - 224. What is the units digit of r?
0
Let h be (-50)/(3/(0 - -3)). Let z = -36 - h. What is the units digit of z?
4
Let g be 4/3 + (-2)/(-3). Let x(h) = 3*h + 13. Let f(v) = -v - 6. Let z(o) = -5*f(o) - 2*x(o). What is the units digit of z(g)?
2
Let k = 10 + -10. Suppose m + k + 5 = d, d = 4*m + 20. Suppose d = 5*c - j - 69, 2*j + j = -12. What is the tens digit of c?
1
Let v(i) = 17*i**2 + 2*i - 1. Let c be v(1). Let a = c - 7. Suppose -29 = -5*f + a. What is the units digit of f?
8
Suppose -5*v + 5*p + 142 = -103, -3*v + 5*p = -151. What is the units digit of v?
7
Suppose 0 = -y + 3*a + 1, y - a = -3*a + 26. Suppose y - 4 = 2*k. What is the units digit of k?
6
Let z be 0/(-1)*3/(-6). Let b = 3 + z. Suppose 5*s = -2*c + 7, -3*c - b = -5*s - 1. What is the units digit of c?
1
Suppose -2*n + 44 = t - 6*n, -2*n + 68 = 2*t. What is the units digit of t?
6
Let d(l) = l**3 + l**2 - l + 30. Let m be d(0). Suppose -m = -v - 0*v. Suppose 4*z - v - 38 = 0. What is the units digit of z?
7
Let h(b) = -b + 3. Let l be h(10). Let v be -1 + -1*(1 + l). Suppose v*w - 60 = -20. What is the units digit of w?
8
Let j(l) = 3*l**3 - 3*l**2 + 4*l - 2. Let g = 2 + 0. What is the units digit of j(g)?
8
Let t(m) = -m**3 + 2*m**2 + m + 6. What is the units digit of t(-3)?
8
Suppose 0 = 5*c - 2*i + 40, c = 2*c + i + 1. What is the units digit of 3/(9/(-3)) - c?
5
Suppose m = -0*m. Suppose m = 3*z - z. Let f(p) = p**3 + p**2 + 1. What is the units digit of f(z)?
1
Suppose 6 = 3*b, -p - 3*b + 138 = p. What is the tens digit of p?
6
Suppose 4*y - 9 = 7. Suppose -5*g = 5*k, -y*g - k = -6 - 9. Let z = g + -1. What is the units digit of z?
4
Let d = 217 + -95. What is the hundreds digit of d?
1
Let q = -43 - -29. Let a be 4/14 + (-10)/q. What is the units digit of -7*a*(-3)/3?
7
What is the tens digit of -2 + ((-36)/2)/(10/(-55))?
9
Suppose -4*k = -4*v + 16 + 20, -3*k - 35 = -5*v. What is the units digit of v?
4
Let d(w) = 2*w - 8. Let v be d(6). Suppose -2*g - 10 = v. Let q(p) = -p**3 - 8*p**2 - 9*p - 2. What is the units digit of q(g)?
2
Suppose b + 2*k - 1 = 3*k, -3*k = -5*b - 3. Let c = b + 22. What is the tens digit of c?
1
Let f be ((-121)/22)/(2/4). Let l = f + 15. Suppose 0 = l*c + c - 65. What is the tens digit of c?
1
Let b be (-2)/(-12) + 380/24. Let c = 1 + b. What is the units digit of c?
7
Let b(z) = z**2 + 7. Let p be b(-5). Suppose 0 = -x + 3*x + 4, 2*n - 4*x - p = 0. What is the tens digit of n?
1
Suppose 29*j - 35*j = -2004. What is the tens digit of j?
3
Let r(a) = -a**2 + 6*a - 3. Let x = -18 + 21. What is the units digit of r(x)?
6
Let t = 6 + -2. Suppose 0*x = t*x - 24. What is the units digit of x?
6
Let f = 20 + 21. What is the tens digit of f?
4
Suppose -3 + 2 = -z. Let l be 1/2*1*4. What is the units digit of ((-1)/l)/(z/(-6))?
3
Suppose -4*g + 154 + 10 = 0. What is the tens digit of g?
4
Suppose -4*l + 305 - 5 = 0. What is the units digit of l?
5
Let b be 4/12*0/(-3). What is the tens digit of b + 21 + 0 + -3?
1
Suppose 3 = -4*t + 31. Let p = t - 5. Suppose -7*n = -p*n - 10. What is the units digit of n?
2
Let q(u) = -u - 2. Let t be q(-5). Suppose 6*f - 5*k = t*f - 19, 0 = 4*k - 20. What is the units digit of f?
2
Let t be (-2)/3*(2 + 1). Let o = 11 + t. Let r = o - 3. What is the units digit of r?
6
Let m(a) = 7*a - 9. Let n(l) = -l - 1. Let k(o) = m(o) - 5*n(o). What is the tens digit of k(3)?
3
Let j(w) = w + 2. Let v be j(-3). Let h be (1/2)/(v/30). What is the units digit of (1/3)/((-1)/h)?
5
Let y(t) be the third derivative of -t**6/120 + 11*t**5/60 + t**4/8 - 7*t**3/3 - 2*t**2. What is the units digit of y(11)?
9
Let z(m) = m**3 + 6*m**2 - 2*m - 6. What is the tens digit of z(-5)?
2
Let d(w) = -2*w + 3. Let m(x) = -4*x**3 + 2*x**2 - x. Let c be m(1). What is the units digit of d(c)?
9
Let k = -1 - -9. Suppose 50 = 3*i + k. What is the tens digit of i?
1
Suppose -o = -j + 38 - 127, 3*o - j - 277 = 0. What is the units digit of o?
4
Let i(a) = 4*a + 2. Let b(s) = 5*s + 1. Let m(l) = -3*b(l) + 4*i(l). What is the units digit of m(6)?
1
Let l = 0 - 3. Let n = 0 + l. What is the units digit of -5*(1 + (n - -1))?
5
Suppose -1 = 2*z + 4*y - 15, 0 = 4*z + 5*y - 22. Suppose -z + 1 = 2*g. Let o(f) = -8*f. What is the units digit of o(g)?
8
Suppose z = -0*d - d + 65, 0 = 2*d + 5*z - 145. Suppose 9*l = 4*l - d. What is the units digit of (l/(-7))/((-2)/(-7))?
6
Suppose 6 = 3*p, 2*w + 4*p - 46 = -0*w. Suppose 11 + w = 5*j. Let l = j + -3. What is the units digit of l?
3
Let c(x) = -x - 1. Let p be ((-2)/4*2)/(-1). Let y be c(p). What is the tens digit of (y/(-4))/(2/40)?
1
Let j(o) = o**2 + 6*o + 5. Let c(x) = -x. Let f(b) = 5*c(b) + j(b). What is the units digit of f(0)?
5
Let y(l) = l**3 + 6*l**2 + 5*l + 5. Let q be y(-5). Let s = 20 + -3. Suppose -q*n + 57 = 2*w, n + 1 = -5*w + s. What is the units digit of n?
1
Let c(w) = -w - 6. Let f be c(-5). Let h(t) = 5*t**2 + 2*t + 1. Let g be h(f). What is the units digit of ((-3)/1)/((-2)/g)?
6
Suppose -5*k + 84 = k. What is the units digit of k?
4
Let z be (0 - 1)*16 - 2. Let g = -25 - z. Let f(j) = -j**3 - 8*j**2 - 9*j - 9. What is the units digit of f(g)?
5
Let a(r) = -r**3 + 9*r**2 - 10*r - 10. What is the tens digit of a(5)?
4
Suppose 0 = -7*m - 20 + 48. What is the units digit of 58 + (5 + -3 - m)?
6
Suppose -92 + 7 = 